{"id":67,"date":"2021-02-16T20:53:36","date_gmt":"2021-02-16T19:53:36","guid":{"rendered":"http:\/\/vsemnet.cz\/?page_id=67"},"modified":"2021-02-16T21:13:24","modified_gmt":"2021-02-16T20:13:24","slug":"uvodni-stranka","status":"publish","type":"page","link":"http:\/\/vsemnet.cz\/","title":{"rendered":"Surfujte s n\u00e1mi&#8230;"},"content":{"rendered":"\n<p>V\u00edtejte na na\u0161ich str\u00e1nk\u00e1ch&#8230;<\/p>\n","protected":false},"excerpt":{"rendered":"<p>V\u00edtejte na na\u0161ich str\u00e1nk\u00e1ch&#8230;<\/p>\n","protected":false},"author":1,"featured_media":0,"parent":0,"menu_order":0,"comment_status":"closed","ping_status":"closed","template":"","meta":[],"_links":{"self":[{"href":"http:\/\/vsemnet.cz\/index.php\/wp-json\/wp\/v2\/pages\/67"}],"collection":[{"href":"http:\/\/vsemnet.cz\/index.php\/wp-json\/wp\/v2\/pages"}],"about":[{"href":"http:\/\/vsemnet.cz\/index.php\/wp-json\/wp\/v2\/types\/page"}],"author":[{"embeddable":true,"href":"http:\/\/vsemnet.cz\/index.php\/wp-json\/wp\/v2\/users\/1"}],"replies":[{"embeddable":true,"href":"http:\/\/vsemnet.cz\/index.php\/wp-json\/wp\/v2\/comments?post=67"}],"version-history":[{"count":2,"href":"http:\/\/vsemnet.cz\/index.php\/wp-json\/wp\/v2\/pages\/67\/revisions"}],"predecessor-version":[{"id":81,"href":"http:\/\/vsemnet.cz\/index.php\/wp-json\/wp\/v2\/pages\/67\/revisions\/81"}],"wp:attachment":[{"href":"http:\/\/vsemnet.cz\/index.php\/wp-json\/wp\/v2\/media?parent=67"}],"curies":[{"name":"wp","href":"https:\/\/api.w.org\/{rel}","templated":true}]}}